[INFO] cloning repository https://github.com/Riey/compiletime-sort-rs
[INFO] running `Command { std: "git" "-c" "credential.helper=" "-c" "credential.helper=/workspace/cargo-home/bin/git-credential-null" "clone" "--bare" "https://github.com/Riey/compiletime-sort-rs" "/workspace/cache/git-repos/https%3A%2F%2Fgithub.com%2FRiey%2Fcompiletime-sort-rs", kill_on_drop: false }`
[INFO] [stderr] Cloning into bare repository '/workspace/cache/git-repos/https%3A%2F%2Fgithub.com%2FRiey%2Fcompiletime-sort-rs'...
[INFO] running `Command { std: "git" "rev-parse" "HEAD", kill_on_drop: false }`
[INFO] [stdout] ffb85b6be4b853eb2a50be789da4b5849b2f2f38
[INFO] checking Riey/compiletime-sort-rs against try#72f88fc4e9458f89516a0b8b0868f3718aec5b47 for pr-74989
[INFO] running `Command { std: "git" "clone" "/workspace/cache/git-repos/https%3A%2F%2Fgithub.com%2FRiey%2Fcompiletime-sort-rs" "/workspace/builds/worker-7/source", kill_on_drop: false }`
[INFO] [stderr] Cloning into '/workspace/builds/worker-7/source'...
[INFO] [stderr] done.
[INFO] validating manifest of git repo https://github.com/Riey/compiletime-sort-rs on toolchain 72f88fc4e9458f89516a0b8b0868f3718aec5b47
[INFO] running `Command { std: "/workspace/cargo-home/bin/cargo" "+72f88fc4e9458f89516a0b8b0868f3718aec5b47" "read-manifest" "--manifest-path" "Cargo.toml", kill_on_drop: false }`
[INFO] removed /workspace/builds/worker-7/source/.cargo/config
[INFO] started tweaking git repo https://github.com/Riey/compiletime-sort-rs
[INFO] finished tweaking git repo https://github.com/Riey/compiletime-sort-rs
[INFO] tweaked toml for git repo https://github.com/Riey/compiletime-sort-rs written to /workspace/builds/worker-7/source/Cargo.toml
[INFO] crate git repo https://github.com/Riey/compiletime-sort-rs already has a lockfile, it will not be regenerated
[INFO] running `Command { std: "/workspace/cargo-home/bin/cargo" "+72f88fc4e9458f89516a0b8b0868f3718aec5b47" "fetch" "--locked" "--manifest-path" "Cargo.toml", kill_on_drop: false }`
[INFO] running `Command { std: "docker" "create" "-v" "/var/lib/crater-agent-workspace/builds/worker-7/target:/opt/rustwide/target:rw,Z" "-v" "/var/lib/crater-agent-workspace/builds/worker-7/source:/opt/rustwide/workdir:ro,Z" "-v" "/var/lib/crater-agent-workspace/cargo-home:/opt/rustwide/cargo-home:ro,Z" "-v" "/var/lib/crater-agent-workspace/rustup-home:/opt/rustwide/rustup-home:ro,Z" "-e" "SOURCE_DIR=/opt/rustwide/workdir" "-e" "CARGO_TARGET_DIR=/opt/rustwide/target" "-e" "CARGO_HOME=/opt/rustwide/cargo-home" "-e" "RUSTUP_HOME=/opt/rustwide/rustup-home" "-w" "/opt/rustwide/workdir" "-m" "1610612736" "--user" "0:0" "--network" "none" "rustops/crates-build-env@sha256:d92eaeed33fa75130ca1ee6c8a01d1ffb62bac859dfdfb3450e3e5d1c0146529" "/opt/rustwide/cargo-home/bin/cargo" "+72f88fc4e9458f89516a0b8b0868f3718aec5b47" "metadata" "--no-deps" "--format-version=1", kill_on_drop: false }`
[INFO] [stdout] cc54de1aaa20014d5a57bf5a267900c416b0b9c6320d7da08a45438bf00383cb
[INFO] [stderr] WARNING: Your kernel does not support swap limit capabilities or the cgroup is not mounted. Memory limited without swap.
[INFO] running `Command { std: "docker" "start" "-a" "cc54de1aaa20014d5a57bf5a267900c416b0b9c6320d7da08a45438bf00383cb", kill_on_drop: false }`
[INFO] running `Command { std: "docker" "inspect" "cc54de1aaa20014d5a57bf5a267900c416b0b9c6320d7da08a45438bf00383cb", kill_on_drop: false }`
[INFO] running `Command { std: "docker" "rm" "-f" "cc54de1aaa20014d5a57bf5a267900c416b0b9c6320d7da08a45438bf00383cb", kill_on_drop: false }`
[INFO] [stdout] cc54de1aaa20014d5a57bf5a267900c416b0b9c6320d7da08a45438bf00383cb
[INFO] running `Command { std: "docker" "create" "-v" "/var/lib/crater-agent-workspace/builds/worker-7/target:/opt/rustwide/target:rw,Z" "-v" "/var/lib/crater-agent-workspace/builds/worker-7/source:/opt/rustwide/workdir:ro,Z" "-v" "/var/lib/crater-agent-workspace/cargo-home:/opt/rustwide/cargo-home:ro,Z" "-v" "/var/lib/crater-agent-workspace/rustup-home:/opt/rustwide/rustup-home:ro,Z" "-e" "SOURCE_DIR=/opt/rustwide/workdir" "-e" "CARGO_TARGET_DIR=/opt/rustwide/target" "-e" "CARGO_INCREMENTAL=0" "-e" "RUST_BACKTRACE=full" "-e" "RUSTFLAGS=--cap-lints=forbid" "-e" "CARGO_HOME=/opt/rustwide/cargo-home" "-e" "RUSTUP_HOME=/opt/rustwide/rustup-home" "-w" "/opt/rustwide/workdir" "-m" "1610612736" "--user" "0:0" "--network" "none" "rustops/crates-build-env@sha256:d92eaeed33fa75130ca1ee6c8a01d1ffb62bac859dfdfb3450e3e5d1c0146529" "/opt/rustwide/cargo-home/bin/cargo" "+72f88fc4e9458f89516a0b8b0868f3718aec5b47" "check" "--frozen" "--all" "--all-targets" "--message-format=json", kill_on_drop: false }`
[INFO] [stdout] dcff54a56ef8fd981ef41826828e4e64eb74c36d6a37412c545f22c7043322a2
[INFO] [stderr] WARNING: Your kernel does not support swap limit capabilities or the cgroup is not mounted. Memory limited without swap.
[INFO] running `Command { std: "docker" "start" "-a" "dcff54a56ef8fd981ef41826828e4e64eb74c36d6a37412c545f22c7043322a2", kill_on_drop: false }`
[INFO] [stderr]     Checking compiletime-sort v0.1.0 (/opt/rustwide/workdir)
[INFO] [stdout] error[E0019]: constant function contains unimplemented expression type
[INFO] [stdout]   --> src/main.rs:21:9
[INFO] [stdout]    |
[INFO] [stdout] 21 |         arr[node] = arr[greater];
[INFO] [stdout]    |         ^^^^^^^^^^^^^^^^^^^^^^^^
[INFO] [stdout]    |
[INFO] [stdout]    = help: add `#![feature(const_mut_refs)]` to the crate attributes to enable
[INFO] [stdout] 
[INFO] [stdout] 
[INFO] [stdout] error[E0019]: constant function contains unimplemented expression type
[INFO] [stdout]   --> src/main.rs:22:9
[INFO] [stdout]    |
[INFO] [stdout] 22 |         arr[greater] = tmp;
[INFO] [stdout]    |         ^^^^^^^^^^^^^^^^^^
[INFO] [stdout]    |
[INFO] [stdout]    = help: add `#![feature(const_mut_refs)]` to the crate attributes to enable
[INFO] [stdout] 
[INFO] [stdout] 
[INFO] [stdout] error[E0019]: constant function contains unimplemented expression type
[INFO] [stdout]   --> src/main.rs:42:9
[INFO] [stdout]    |
[INFO] [stdout] 42 |         arr[0] = arr[i];
[INFO] [stdout]    |         ^^^^^^^^^^^^^^^
[INFO] [stdout]    |
[INFO] [stdout]    = help: add `#![feature(const_mut_refs)]` to the crate attributes to enable
[INFO] [stdout] 
[INFO] [stdout] 
[INFO] [stdout] error[E0019]: constant function contains unimplemented expression type
[INFO] [stdout]   --> src/main.rs:43:9
[INFO] [stdout]    |
[INFO] [stdout] 43 |         arr[i] = tmp;
[INFO] [stdout]    |         ^^^^^^^^^^^^
[INFO] [stdout]    |
[INFO] [stdout]    = help: add `#![feature(const_mut_refs)]` to the crate attributes to enable
[INFO] [stdout] 
[INFO] [stdout] 
[INFO] [stdout] error[E0658]: mutable references are not allowed in constant functions
[INFO] [stdout]   --> src/main.rs:55:15
[INFO] [stdout]    |
[INFO] [stdout] 55 |     heap_sort(&mut arr);
[INFO] [stdout]    |               ^^^^^^^^ `&mut` is only allowed in `const fn`
[INFO] [stdout]    |
[INFO] [stdout]    = note: see issue #57349 <https://github.com/rust-lang/rust/issues/57349> for more information
[INFO] [stdout]    = help: add `#![feature(const_mut_refs)]` to the crate attributes to enable
[INFO] [stdout] 
[INFO] [stdout] 
[INFO] [stdout] error: aborting due to 5 previous errors
[INFO] [stdout] 
[INFO] [stdout] 
[INFO] [stdout] Some errors have detailed explanations: E0019, E0658.
[INFO] [stdout] 
[INFO] [stdout] For more information about an error, try `rustc --explain E0019`.
[INFO] [stdout] 
[INFO] [stdout] error[E0019]: constant function contains unimplemented expression type
[INFO] [stdout]   --> src/main.rs:21:9
[INFO] [stdout]    |
[INFO] [stdout] 21 |         arr[node] = arr[greater];
[INFO] [stdout]    |         ^^^^^^^^^^^^^^^^^^^^^^^^
[INFO] [stdout]    |
[INFO] [stdout]    = help: add `#![feature(const_mut_refs)]` to the crate attributes to enable
[INFO] [stdout] 
[INFO] [stdout] 
[INFO] [stdout] error[E0019]: constant function contains unimplemented expression type
[INFO] [stdout]   --> src/main.rs:22:9
[INFO] [stdout]    |
[INFO] [stdout] 22 |         arr[greater] = tmp;
[INFO] [stdout]    |         ^^^^^^^^^^^^^^^^^^
[INFO] [stdout]    |
[INFO] [stdout]    = help: add `#![feature(const_mut_refs)]` to the crate attributes to enable
[INFO] [stdout] 
[INFO] [stdout] 
[INFO] [stderr] error: could not compile `compiletime-sort`.
[INFO] [stderr] 
[INFO] [stderr] To learn more, run the command again with --verbose.
[INFO] [stderr] warning: build failed, waiting for other jobs to finish...
[INFO] [stdout] error[E0019]: constant function contains unimplemented expression type
[INFO] [stdout]   --> src/main.rs:42:9
[INFO] [stdout]    |
[INFO] [stdout] 42 |         arr[0] = arr[i];
[INFO] [stdout]    |         ^^^^^^^^^^^^^^^
[INFO] [stdout]    |
[INFO] [stdout]    = help: add `#![feature(const_mut_refs)]` to the crate attributes to enable
[INFO] [stdout] 
[INFO] [stdout] 
[INFO] [stdout] error[E0019]: constant function contains unimplemented expression type
[INFO] [stdout]   --> src/main.rs:43:9
[INFO] [stdout]    |
[INFO] [stdout] 43 |         arr[i] = tmp;
[INFO] [stdout]    |         ^^^^^^^^^^^^
[INFO] [stdout]    |
[INFO] [stdout]    = help: add `#![feature(const_mut_refs)]` to the crate attributes to enable
[INFO] [stdout] 
[INFO] [stdout] 
[INFO] [stdout] error[E0658]: mutable references are not allowed in constant functions
[INFO] [stdout]   --> src/main.rs:55:15
[INFO] [stdout]    |
[INFO] [stdout] 55 |     heap_sort(&mut arr);
[INFO] [stdout]    |               ^^^^^^^^ `&mut` is only allowed in `const fn`
[INFO] [stdout]    |
[INFO] [stdout]    = note: see issue #57349 <https://github.com/rust-lang/rust/issues/57349> for more information
[INFO] [stdout]    = help: add `#![feature(const_mut_refs)]` to the crate attributes to enable
[INFO] [stdout] 
[INFO] [stdout] 
[INFO] [stdout] error: aborting due to 5 previous errors
[INFO] [stdout] 
[INFO] [stdout] 
[INFO] [stdout] Some errors have detailed explanations: E0019, E0658.
[INFO] [stdout] 
[INFO] [stdout] For more information about an error, try `rustc --explain E0019`.
[INFO] [stdout] 
[INFO] [stderr] error: build failed
[INFO] running `Command { std: "docker" "inspect" "dcff54a56ef8fd981ef41826828e4e64eb74c36d6a37412c545f22c7043322a2", kill_on_drop: false }`
[INFO] running `Command { std: "docker" "rm" "-f" "dcff54a56ef8fd981ef41826828e4e64eb74c36d6a37412c545f22c7043322a2", kill_on_drop: false }`
[INFO] [stdout] dcff54a56ef8fd981ef41826828e4e64eb74c36d6a37412c545f22c7043322a2
